{"id":6718,"date":"2025-11-30T18:57:03","date_gmt":"2025-11-30T21:57:03","guid":{"rendered":"https:\/\/isfdalemania-for.infd.edu.ar\/sitio\/?page_id=6718"},"modified":"2025-12-01T00:56:18","modified_gmt":"2025-12-01T03:56:18","slug":"diseno-curricular-ts-en-soporte-de-infraestructura-de-tecnologia-de-la-informacion","status":"publish","type":"page","link":"https:\/\/isfdalemania-for.infd.edu.ar\/sitio\/diseno-curricular-ts-en-soporte-de-infraestructura-de-tecnologia-de-la-informacion\/","title":{"rendered":"Dise\u00f1o Curricular TS Soporte de Infraestructura de Tecnolog\u00eda de la Informaci\u00f3n"},"content":{"rendered":"\n<p><\/p>\n\n\n\n<iframe loading=\"lazy\" \n  src=\"https:\/\/sistemas.isfdytdigital.net.ar\/ts_soporte_infraestructura\/\" \n  width=\"100%\" \n  height=\"1200\" \n  frameborder=\"0\" \n  scrolling=\"auto\"\n  title=\"Tecnicatura Superior en Soporte de Infraestructura de Tecnolog\u00eda de la Informaci\u00f3n\">\n<\/iframe>\n","protected":false},"excerpt":{"rendered":"","protected":false},"author":809,"featured_media":0,"parent":0,"menu_order":0,"comment_status":"closed","ping_status":"closed","template":"","meta":[],"acf":[],"_links":{"self":[{"href":"https:\/\/isfdalemania-for.infd.edu.ar\/sitio\/wp-json\/wp\/v2\/pages\/6718"}],"collection":[{"href":"https:\/\/isfdalemania-for.infd.edu.ar\/sitio\/wp-json\/wp\/v2\/pages"}],"about":[{"href":"https:\/\/isfdalemania-for.infd.edu.ar\/sitio\/wp-json\/wp\/v2\/types\/page"}],"author":[{"embeddable":true,"href":"https:\/\/isfdalemania-for.infd.edu.ar\/sitio\/wp-json\/wp\/v2\/users\/809"}],"replies":[{"embeddable":true,"href":"https:\/\/isfdalemania-for.infd.edu.ar\/sitio\/wp-json\/wp\/v2\/comments?post=6718"}],"version-history":[{"count":9,"href":"https:\/\/isfdalemania-for.infd.edu.ar\/sitio\/wp-json\/wp\/v2\/pages\/6718\/revisions"}],"predecessor-version":[{"id":6732,"href":"https:\/\/isfdalemania-for.infd.edu.ar\/sitio\/wp-json\/wp\/v2\/pages\/6718\/revisions\/6732"}],"wp:attachment":[{"href":"https:\/\/isfdalemania-for.infd.edu.ar\/sitio\/wp-json\/wp\/v2\/media?parent=6718"}],"curies":[{"name":"wp","href":"https:\/\/api.w.org\/{rel}","templated":true}]}}